 6 - 27) + (-78 - -12 - 6).
-89
(-5 - (-19 - ((6 - 19) + 21))) + -146
-124
Calculate (-2 - -23) + (4433 - 4397).
57
What is the value of -11 - ((52 - 190) + 80)?
47
Calculate 2402 + -2413 + (-1 - 0) + 21.
9
What is the value of 60 - (17 - (29 - 16)) - (4 + 16)?
36
Evaluate (-3 - (29 - (-5 - -53))) + -19.
-3
17 + -1 + 82 + -82 - -25 - -3
44
Evaluate 31 - (-1 + 17 + -7 - (26 + -4)).
44
Calculate -34 - (47 - (70 + 56)).
45
Calculate -1 + (-30 - (-46 + 25) - (-14 - 3)) - -6.
13
What is -3 + -18 + -47 + 49?
-19
What is the value of (123 - 0) + (-7265 - -7248 - (-17 + -2 - -2))?
123
What is the value of -70 + (3 + -2 - (-196 + 175))?
-48
Evaluate -7 + 2 + (1 - -1 - 4 - (-2 + -56)).
51
(1247 - 1229) + -158 + 1 + 18
-121
Evaluate 0 + -2 - ((27 - 58) + 7 + 11).
11
(-12 - -3 - 10) + 9
-10
(-1 - 3) + 1933 + -1923
6
What is the value of (86 - (3 + (11 - 2))) + -13 + -2?
59
Evaluate -12 + -19 + (-63 - 11).
-105
12 + 6 + -6 - -7 - (-2 - 6 - 1)
28
Evaluate (2 - (-19 + 1)) + 117 + -117.
20
-66 - -85 - (16 - 17 - -14)
6
16 - -2 - (810 + -811)
19
Evaluate -1 - 5 - -24 - 37 - (18 + 59).
-96
-10 + (-18 - -28) - (0 + (-3 - 1) + -7)
11
Calculate -56 - -14 - -58 - 15.
1
What is the value of -6 + -70 + 115 - (0 + 12)?
27
(-138 + 66 - -59) + 2 + 113
102
Evaluate (15 + -1 - (-18 + 26)) + (-1 - (-3 - -11)).
-3
107 - (-10 + (-3 - (-8 - (16 + -4))))
100
What is -129 + 308 + -123 - 60?
-4
(-10 - -33) + (-13 - 100) + 21
-69
What is the value of 12 + (7 - -21) + -66?
-26
What is -140 + 161 - (-5 - (-2 - 49))?
-25
10 + (9 - -17) + (-43 - 13)
-20
Evaluate -1 + 6 - (-15 - 3 - (53 + -79)).
-3
What is (1 - (-1 + 3)) + 0 - (-103 - (147 + -168))?
81
Evaluate -7 - ((-54 + 61 - (4 + 1)) + 7 - 6).
-10
-6 - -41 - (-124 + 158)
1
Evaluate (-1 - 27) + 61 + -25.
8
Calculate 0 + -2 - -19 - (12184 - 12115).
-52
What is the value of 94 + -4 + 37 + -76?
51
What is the value of -26 + (227 - 158) + -136?
-93
(56 - 94) + (-20 - -9)
-49
What is (-55 - -96) + 43 - 150?
-66
1 + (-1 - 5) + -32 + -15 + 66
14
What is -11 + -14 - -15 - (-2 + (-1 - -15))?
-22
Calculate (-25 + -48 - -8) + (-11 + 1 - 0) - 9.
-84
What is -67 + -3 + -31 + -12?
-113
What is ((-15 + 3 - -11) + (3 - 0) - 4) + -86?
-88
What is (-18 - (-2 + -20 + -17)) + -11?
10
What is the value of 69 + -38 + -51 + -11?
-31
What is -5 + 17 + -2 + 7 + (21 - 34 - 0)?
4
What is (1 - -2) + -30 + (43 - 52) + 2?
-34
What is the value of 27 + -107 - (-71 + 24)?
-33
Evaluate (634 - 640) + 16 + 8.
18
Evaluate (-5 - (-1 - 4)) + -7 + 6 - (-181 - -202).
-22
What is 13 + 89 + -95 + -33 + -7 + 1?
-32
What is (-63 - -98) + 45 - 18?
62
What is -4 + -68 + 50 + 16 + -26?
-32
Evaluate (34 - -2) + -2 - (-41 - (-32 + 19) - -30).
32
What is (-8 - 1) + (6 - 2 - 2) + -811 + 915?
97
Evaluate -1 + (2 + -35 + -7 - (5 + -11 + -3)).
-32
Evaluate -26 + (58 - 11 - 18) + 21.
24
Evaluate 17 + 45 + (174 - 155).
81
42 - ((169 - 93) + 14)
-48
0 - 2 - 9 - (-41434 - -41324)
99
-108 + -60 - (-112 + -7)
-49
What is (8 - (-3 + -6)) + -98 + -8?
-89
7 + -6 - ((29 - -11) + -17 + -9)
-13
Evaluate (22 - (-33 - -27)) + 15.
43
Calculate -3 - (-33 - 0) - (-182 + 189).
23
What is the value of (1 - 0 - (1 + -1)) + (677 - (98 - -597))?
-17
What is the value of -9 + (-1 - -3) - (56 + -82 + (-2 - -20))?
1
Calculate -52 + (98 - 105) - 24.
-83
What is (30 + -25 - 20) + (-4 - (4 - 3))?
-20
What is the value of 0 + (-2 - (-2 + -7)) + (-2080 - -2075) - 9?
-7
Calculate 97 - (-13 - -12 - (2 - (-1 + 12)) - 0).
89
What is the value of 48 + -32 + (-80 - -26)?
-38
22 - -1 - (-9 + (13 - 13) + 11 - 7)
28
(78 + -147 - -40) + 22
-7
Evaluate 16 - (-11 - -24) - (13 - 20).
10
Evaluate -46 + 9 + 66 + -52.
-23
Evaluate 14 - ((9 - (14 + -15)) + 8).
-4
Evaluate (3290 - 3292) + 0 + (-1 - 2) + 3 + 55.
53
What is the value of -4 - (-6 - 11 - -9 - -1)?
3
What is the value of (27 - 30) + 73 - 31?
39
What is the value of -3 - (-17 - (-35 + 58))?
37
Calculate 0 + -12 + -3712 + 3700.
-24
Evaluate ((-6 - -2) + 0 - (1837 + -1775)) + 8.
-58
Calculate 15 + (-13 - (-10 + 9) - 47 - -13).
-31
Evaluate -8 + 0 + (-39 - -88) - 20.
21
Calculate 3 + 0 + -5 + 0 + (34 - (-63 - -59)).
36
Evaluate 21 + (-58 - -20) + 2.
-15
Calculate -275 + 265 + 7 + -37 + -6.
-46
What is the value of -9 + (-11 - -8) + 15 + (12 - (83 + 8))?
-76
-2 + 1 - -34 - (-263 - -256)
40
What is the value of 6 + (-14 - -3 - (-21 + 0))?
16
Calculate -1 - (-3 + (10 - 5)) - (-248 + 235).
10
Evaluate -1 - 0 - (-106 - (-98 + 22)) - 16.
13
Calculate -18 - (-33 - -5) - -10.
20
-22 + 23 - (93 + (-11 - 5) + 0)
-76
(-45 - (56 + -49)) + 7
-45
What is the value of (0 - (21 - 30)) + (-1 + -54 - (1 + -1))?
-46
What is the value of (9 - 8) + 14 - (5 - -89)?
-79
-11 + 123 + -127 - (-61 + 0)
46
Calculate -48 - (-15 + 22) - -101.
46
Evaluate 50 + -120 + 48 + -1 - -168.
145
39 + -76 + (-59 - -92)
-4
Evaluate (1 - -48) + -94 + 99 + -8.
46
What is 77 + -80 - (-6 + -6 + 18 + 41)?
-50
What is the value of (23 - (6 - -11)) + -8 + -2 + (6 - 2)?
0
What is the value of -129 + (21 - -4) + -8 - -22?
-90
What is the value of -18 + (12 - -15 - 35) - -96?
70
What is the value of -2 + 109 + (26 - 13) + 6 + 23 + -48?
101
(9 - 2) + -1 - (32 - (7 + -32))
-51
0 - 0 - (-444 - -472)
-28
0 + -51 + (2 - (-24 + 25))
-50
Calculate (-1 - -12) + ((-24 - 3) + 16 - -10) + -23.
-13
What is the value of -5 + (-40 + 194 - (13 - (-3 - -14)))?
147
(-52 - (253 - 337)) + -76 + -1
-45
Calculate 0 + (20 - 7) + -24 + 16 + -91 + 6.
-80
23 - (3 + (-30 - -86) + 2)
-38
Evaluate 13 + (-6 - -15 - 56).
-34
What is the value of -4 + -15 + 20 + (0 - 3) - -41?
39
77 - 63 - (2 - ((13 - -75) + 6))
106
Calculate -893 + 857 + (4 + (-2 - -2) - (-1 + 1)).
-32
Calculate (-9 - (11 + -5) - -59) + (6 - 12) + -6.
32
What is 13 - 9 - (-8 - (-8 + 6 - 4))?
6
What is -34 + -25 + 28 + -33?
-64
-1 + (25 - -43) + 10 - 27
50
-59 + -6 + 1 + -39 + 32
-71
What is the value of 4648 + -4599 + (-2 - -18) + -1?
64
Calculate 70 - 82 - -25 - (0 + (0 - 2)).
15
What is the value of (-11 - (-18 + 7 - -5)) + (-10 - -3) + -14?
-26
What is -27 + (0 - (311 + -316 - (-17 + 1 - -2)))?
-36
(18 - 93) + (-4 - -24) + 17
-38
What is (0 - 8) + (25 - (-12 - -24)) + -20?
-15
What is the value of (24 - (10 + 20)) + ((-60 - -3) + 0 - 4)?
-67
What is (29 - (64 + -15)) + (-3 + -2 - -3) - 10?
-32
-464 - -429 - (58 + 4)
-97
What is the value of 6 - (-86 - (71 - 92))?
71
What is 4 + 18 + (25 - 15)?
32
-13 + 14 + -11 - (33 - (1 - (10 + -2)))
-50
What is -1 + 2 + (-70 - -67)?
-2
Calculate 49 + (-6 - 8) + (5 + (6 - -3) - 4).
45
Calculate -1 + -62 - (26450 + -26471).
-42
Calculate 23 + (-3 - (-10 + 34)) - (-3 - 4).
3
-35 + -8 + 14 - -13 - (-25 - 59)
68
Calculate 72 + -58 + 1 + 0 + 48.
63
Evaluate -21 + 15 - 16 - (17 + -8 + -14 + 16).
-33
What is 56 + (-3 - (-14 + -2 + (-80 - -80))) - 14?
55
What is the value of 12 + (-2 - (40 - 25)) - -78 - -1?
74
What is the value of 3 - (34 - (13 + -21 + 10 - 8))?
-37
Evaluate -5346 + 5444 - (28 - (-4 + 2)).
68
48 + -3 + -20 + 3 + 1
29
(-7 - 1) + 34 + -8 + 21 + 11
50
What is -19 + (11 - 5) + 4 + 8 + -15?
-16
Calculate 83 - (-25 - -29 - 25 - 18).
122
Evaluate -257 + (-98 - -229) - -98.
-28
Calculate 2 + -6 + 41 + (12 - 18).
31
What is the value of 17 + -11 - ((-1 - 3) + -3 - -2)?
11
Evaluate 1 + ((0 - -4) + -3 - 6) + -116 + 39.
-81
57 - 1 - (63 + (-61 - 16))
70
What is the value of (-3 + 1 - 11) + 1982 + -1947?
22
5 + (-2 - (-1 + 8 + -27 + 3 + -11))
31
What is the value of (11 - (93 + -121)) + -55?
-16
Evaluate -20 + 18 + 8 + 27 + 10 - (1 - 0).
42
What is (-1 - (11 + 0)) + (17 - 10) + -20 + -7?
-32
Calculate (-1 - -13 - (-417 + 415)) + 4 - 15.
3
7 - ((2 - -5) + -49 + (-2 - -11))
40
What is -689 + 670 + (2 - (35 - -2))?
-54
Evaluate 2 + 26 - (14 + -36 - -10 - (4 - 22)).
22
What is the value of -12 + 35 + -38 + 22 - 1?
6
(2 - -3 - ((-25 - -1) + -784 + 936)) + 10
-113
0 + 1 - -11 - (174 + (16 - 113))
-65
Calculate -17 + 13 + -3 - (-11 - -32).
-28
33 + 0 + (-17 - (-53 + 1 + 24))
44
133 + (-38 - (138 + -26))
-17
What is 6 + (9 - (-10 + (-10 + 6 - -4)))?
25
Calculate (1 - (-14 - (-13 + -4))) + 7 + -1.
4
Calculate (16 - -61) + -76 + 1 + 14.
16
Evaluate (-2 - (-16 + -2)) + (-6 - (-113 + 32)).
91
Calculate -41 + (72 + (2 - 91) - (-15 + -1)).
-42
Evaluate (-57 - 3) + -2 + 1 + (-203 - -426 - 212).
-50
55 + (-163 + 187 - (33 + 1))
45
(0 - -68) + 39 - 6
101
What is t